
5
Let d be -10*(72/15)/(-6). Suppose d*w = 7*w + 54. What is the units digit of w?
4
Let s = -18 - -22. Let z be 8*((-2)/(-2) + s). Let x = 63 - z. What is the tens digit of x?
2
What is the hundreds digit of (24 + -3)*15/1?
3
Suppose 4*n - 1888 = l + l, -5*n + 2366 = -4*l. What is the hundreds digit of n?
4
Let x(b) = b**3 + 6*b**2 - 2. Let t be x(-6). What is the tens digit of (5/t)/((-5)/150)?
7
Suppose 0 = 3*a - 5*o, 4*a - 2*o + 0*o - 14 = 0. Let f be (0 + a)*(-364)/(-10). Suppose -4*n + f = 70. What is the tens digit of n?
2
Let k = 216 + 1. Suppose -y = 3*v - 53, k = 5*y + 3*v - 0*v. What is the tens digit of y?
4
Suppose -20*a = -24*a. Suppose a*l = -7*l + 560. What is the tens digit of l?
8
What is the units digit of (100/6)/(5 + (-365)/75)?
5
Let j = 32 + -17. Let v = -11 + j. Suppose 2 = c, -5*h + 55 = -v*c - c. What is the tens digit of h?
1
Let y = 19 - 34. Let t be (y/10)/(6/8). What is the units digit of (t/3)/((-4)/54)?
9
Suppose -t = -2*t - 36. Let n = 81 + t. What is the tens digit of n?
4
Let f(q) = 2*q. Let v be f(1). Let r(j) = 3*j**3 + j**2 - j - 2. Let t be r(v). What is the tens digit of (9/2 + -2)*t?
6
Let a = 152 - 108. Let x be 0 - (-90 - -1*1). Suppose 5*i + x = -3*t + 227, -t - i = -a. What is the tens digit of t?
4
Let x(p) = 40*p**3 + 10*p**2 + 15*p - 6. What is the hundreds digit of x(4)?
7
Let s = 1271 - 736. What is the units digit of s?
5
What is the hundreds digit of (-56)/(-24) - (-41810)/30?
3
Let q be 5 + (-1)/3 + 6/(-9). Let n = q - -56. What is the tens digit of n?
6
Let v be (-4)/6*(-75)/10. Let m(z) = 5*z + 1. Let j be m(v). Suppose 0 = -o + j + 10. What is the units digit of o?
6
Suppose -4*k + 726 = -2*b + 7252, -3*b = -4*k - 9781. What is the hundreds digit of b/28 + 1/(-4)?
1
Suppose 0 = -5*n + 18 + 2. Suppose 31 = z - 2*w, -4 = z - n*w - 25. What is the units digit of z?
1
Let c be (12 + -13)/(2/(-18)). Suppose 12*r = c*r + 393. What is the tens digit of r?
3
Suppose 2*s - 5*m - 105 = 0, 5*s + m = -m + 335. Suppose -2*r - 2*r = -w - 227, -s = -r + 3*w. What is the tens digit of r?
5
Let i(k) = 2*k**2 - 3*k. Let d be i(3). Suppose -4*r + d = -3*r. What is the tens digit of 6/2 + (r - -32)?
4
Let z(q) = -4*q**3 - 26*q**2 + 3*q + 33. What is the tens digit of z(-12)?
6
Let u(s) = -s**3 - 3*s**2 + 10*s - 8. Let q(y) = -2*y**2 - 6*y. Let o be q(-4). Let j be u(o). Suppose -9*x + j = -5*x. What is the tens digit of x?
5
Let a(z) = -z + 28. Let m(x) = -x**2 + 4*x + 12. Let k be 3 - ((-16)/4 + 1). Let t be m(k). What is the units digit of a(t)?
8
Suppose 0 = -2*i - 4*s + 5512, 28*i - s = 23*i + 13824. What is the tens digit of i?
6
Suppose p + 3*o + o = 16, 4*p + 3*o + 1 = 0. Let k be (8/p)/((-4)/(-1030)). What is the units digit of k/(-9) - (-10)/(-45)?
7
Let a be (-1)/(-1)*4 - -15. Let u = a + 65. What is the tens digit of u?
8
Suppose -2*x + 9*x = 5*x. Suppose 3*g - 2*q = 243, 5*g - 5*q - 214 - 186 = x. What is the tens digit of g?
8
Let g be (-2)/3*((8 - 3) + -38). Suppose 0 = 13*j - g*j + 1530. What is the tens digit of j?
7
Suppose -3*t + 5 = -4*t + 2*l, -4*l - 2 = 2*t. What is the tens digit of -3*(t - 2/3)?
1
Let r(b) = -4*b + 16. Let c be r(-6). Let d = 46 + c. What is the units digit of d?
6
Suppose -5*a + 1395 = 10*a. Let h = -52 + a. What is the units digit of h?
1
Suppose -2446 = -4*y - 4*d - 754, 0 = d + 4. What is the units digit of y?
7
Suppose -3*o - 3 = -4*o. Suppose 2*m = -o*m + 260. Let b = m - 16. What is the units digit of b?
6
Let d(g) = g**3 - 2*g**2 + 6*g - 6. Let v be d(3). Suppose q + 7 = 4. Let t = q + v. What is the tens digit of t?
1
Let o = 24 - 22. Let p(x) = 11*x + 2. What is the tens digit of p(o)?
2
Let m(o) = -o - 10. Let g be m(0). Let j(q) = -2*q + 2. Let x(y) = -4*y + 3. Let w(a) = 7*j(a) - 3*x(a). What is the tens digit of w(g)?
2
Let z = -3573 - -8100. What is the hundreds digit of z?
5
Let m(y) = 0*y + 2*y + 0 - 12. Let c be m(6). Suppose -6*h + 6 = -c*h. What is the units digit of h?
1
Let u(y) = -y**2 - 4*y + 1. Let d be u(-3). What is the tens digit of 6*(0 + d - -2)?
3
Let c(z) = -z**3 + 7*z**2 - 6*z + 4. Let d = 14 + -10. What is the units digit of c(d)?
8
Suppose -200 = 4*i + 2*f, 2*f = -i - 23 - 27. What is the tens digit of (-5)/1*810/i?
8
Let j(s) = -1. Let m(k) = 7*k - 16. Let n(x) = -3*j(x) + m(x). What is the tens digit of n(5)?
2
Let a(m) = 67*m - 3. Let y be a(2). Let l = y + -64. What is the units digit of l?
7
Let v be 16/(-12)*(-12)/8. Suppose -3*b - v*b + 30 = 0. Let d(m) = m**2 - m + 5. What is the tens digit of d(b)?
3
Suppose -10 = -3*j + j. Suppose 0 = -2*f + j*n + 565, 3*f + 3*n - 1397 = -2*f. What is the units digit of f?
0
Let l = 12 + -19. Let m = -11 - l. Let s = m - -28. What is the units digit of s?
4
Let w be (-2)/4*1852*3/6. Let k = 800 + w. What is the units digit of k?
7
Suppose 3*w - 9643 - 6884 = -4*l, -5*l + 20673 = -w. What is the units digit of l?
4
Suppose -38*a - 5316 = -41*a. What is the units digit of a?
2
What is the hundreds digit of (296/8)/(-2 - (-63)/31)?
1
What is the units digit of (12/(-4) - -4)*473 - 3?
0
Let k(y) = 11*y + 20. What is the units digit of k(15)?
5
Let g = -4 - -7. Suppose 0 = g*b + b. Suppose -4*p - 20 + 108 = b. What is the tens digit of p?
2
Let z(n) = n**3 - 3*n**2 + 2*n. Let i be 1 + (3 - (4 - 2)). Let k be z(i). Suppose -2*p + 19 - 1 = k. What is the units digit of p?
9
Let x be -463 + -4 + -4 + -4. Let r = -293 - x. What is the units digit of r?
2
Let b(x) = 0 + 7*x + 1 - 3 - 2 - x**2. Let y be b(6). Suppose -y*n + 31 + 23 = 0. What is the tens digit of n?
2
Suppose -56*i - 5874 = -59*i. What is the thousands digit of i?
1
Suppose 47 = 4*f + 5*n - 27, -3*n = -5*f + 111. Let t = f - 18. What is the tens digit of 17*t + (11 - 8)?
5
Suppose q = 3*r + 9, -2*q - 5*r - 6 = -2. Suppose q*z + 708 = 4*p - 0*p, -z = 3*p - 544. What is the tens digit of p?
8
Suppose -j + 40 = 4*j. Suppose -3*a + j = c - 15, 4 = a + 4*c. What is the units digit of a?
8
Let v = -13 - -41. What is the units digit of 8/v + 3900/21?
6
Let d(v) = -v**2 - 97*v + 30. What is the units digit of d(-12)?
0
Suppose -1412 - 1036 = -6*z. What is the tens digit of z?
0
Suppose 71*m - 65*m = 6. What is the units digit of m?
1
Let v(h) = -h - 7. Let s be v(-10). Suppose -s*g + 36 - 15 = 0. What is the tens digit of 375/21 + 1/g?
1
Let t = -28 - -49. Suppose -4*f + t + 35 = 0. What is the units digit of f?
4
Suppose 9*x = 10*x - 5. Suppose -31 = -l - 4*o, -155 = -x*l + o + o. Suppose -5*t - l + 151 = 0. What is the tens digit of t?
2
Let t(c) = c**2 + 4*c - 1. Let u be t(-5). What is the tens digit of u/14 - 3008/(-56)?
5
Let q(h) = -9*h + 7. Let z(k) = 5*k - 3. Let a(u) = 6*q(u) + 11*z(u). Let g be a(-7). Suppose g*o - 69 = -o. What is the units digit of o?
3
Suppose -2*i = i + 2*x - 8654, -i - 4*x + 2888 = 0. What is the tens digit of i?
8
Let w(r) = -r**2 + 6*r + 16. Let u be w(8). Let q(a) = a**2 - 2. Let o be q(-8). Suppose f = -u*f + o. What is the tens digit of f?
6
Let p = 6847 + -4708. What is the tens digit of p?
3
Let p(t) = t**3 + 8*t**2 + 12*t + 13. Let d be p(-9). What is the units digit of (108/(-30))/(d/(-90) + -2)?
1
Suppose -5*l + l = -56. Let o = -4 - -7. Suppose -2*q + l = 3*n, o*n - 12 = -4*q + 10. What is the units digit of q?
4
Suppose -17 = -4*z + t - 4*t, 3*z - t = 16. Suppose 3*n - 734 = -5*i, 9*n - 1210 = 4*n - z*i. What is the hundreds digit of n?
2
Let p = 42 + 186. What is the tens digit of p?
2
Let h be 5/(-4 - 1)*-17. Let o = h + -30. Let r(q) = -5*q - 21. What is the units digit of r(o)?
4
Let t = 21 - 19. Suppose -5*c = 4*j - 24, 3*j - 18 = -2*c - c. Suppose 76 = t*w - j. What is the units digit of w?
1
Suppose -4*d = 4, -5*d + 2 = h + 9. Let m be ((3 - 3)/(-2))/h. Suppose m = 2*a - 0 - 32. What is the tens digit of a?
1
Let x(t) be the second derivative of 9*t**5/20 - t**4/12 - 2*t**3/3 + 5*t**2/2 - 5*t. What is the tens digit of x(2)?
6
Let b(g) = -41*g**3 - g**2 - g + 4. What is the hundreds digit of b(-2)?
3
Suppose -23*m + 1972 = -19*m + s, m = -5*s + 512. What is the tens digit of m?
9
Let f(p) = 2*p - 13. Let j be f(8). Suppose -5*v - j*b = -417 + 109, 4*v - 264 = 2*b. What is the units digit of v?
4
Suppose 0 = -2*z - 2 - 4. Let i(n) = n**2 - 1. Let m be i(z). What is the units digit of (10/